. What is u(b)?
-1
Suppose 5*a = 3*q - 11, -2 = -0*a + 2*a. Let x(n) = 14 - q - n - 12. Calculate x(4).
-4
Suppose 0 = 5*k - 7 - 8. Let z(j) = -j**2 + 2*j + 1. Let f(l) = 2*l**2 - 5*l - 8. Let d(m) = k*z(m) + f(m). Give d(0).
-5
Let z = -16 + 17. Suppose -2*f - 7 = -z. Let k(v) be the first derivative of -v**2 - 4*v + 1. Determine k(f).
2
Let b(r) = -6*r - 2. Suppose 0 = 15*x - 41 - 514. Suppose -x = -4*k - 45. Calculate b(k).
10
Suppose -3*j = -7*j - 16. Suppose -5*k = -2*o - 132, -9*k = -4*k - 3*o - 128. Let q(i) = -k*i + 16*i + 11*i. Determine q(j).
4
Let j(f) be the third derivative of -f**4/24 - 7*f**3/6 + 88*f**2. Let x(y) = -y**2 - 5*y - 9. Let q be x(-4). Determine j(q).
-2
Let x = -4 - -13. Let u be (-3)/x*(-6)/2. Let n(i) = 4*i**3 + 2*i - 1. Let q(r) = -3*r**3 - 3*r + 2. Let h(o) = 3*n(o) + 2*q(o). What is h(u)?
7
Suppose -5*a = -2*i - 10, 31 = -4*i - 4*a - 45. Let b = i - -11. Let d(k) = k**3 + 5*k**2 + k - 5. Give d(b).
7
Suppose 5*m = -2*o - 17, 4*o - 2 = 762*m - 760*m. Let c(p) = -1 + 5*p - 1 - 2*p. Calculate c(m).
-11
Let i(m) = -3*m**3 + 6*m**2 + 3*m + 2. Let v(h) = 5*h**3 - 7*h**2 - 2*h - 1. Let r(s) = -3*i(s) - 2*v(s). Suppose -6*n + 4*n = 6. Determine r(n).
2
Suppose -w - 18 = -d, 0 = 3*w - 4*d + 41 + 14. Let q(p) = -p**3 - 16*p**2 + 17*p - 17. Calculate q(w).
-17
Let o be 20*((-50)/(-4))/(-5). Let a be o/(-6) + (-8)/24. Let t(k) = k - 4*k - 2*k + a*k. Give t(2).
6
Let a = -1 - 0. Let u(l) be the first derivative of -l**3 - l**2/2 - l - 52. Calculate u(a).
-3
Let t(j) = -24*j + 404. Let h be t(17). Let f(i) = -3*i**2 - 7*i + 5. Calculate f(h).
-15
Let y(i) = -75*i - 73. Let k be y(-1). Let f(x) be the third derivative of 1/6*x**3 - 1/24*x**4 + 0 + 7*x**k + 0*x. Determine f(2).
-1
Let q be (0 - -4) + 1 + -3. Let o = q - 0. Let f(n) be the third derivative of -n**4/12 + n**3/6 + 13*n**2. Determine f(o).
-3
Let b be (185/(-25))/((-1)/5). Suppose -25 = 4*k + k, -2*d = -3*k - b. Suppose -7*y + 24 = -d*y. Let x(m) = -m + 1. Calculate x(y).
7
Let x(r) be the third derivative of -4*r**2 + 0*r - 1/24*r**4 + 0 + 1/3*r**3. Calculate x(5).
-3
Suppose -4*b = -2*y - 14, 20*y - 21*y + 3*b = 9. Let x(q) be the first derivative of -q**2/2 - q - 1. Calculate x(y).
2
Let p(j) = -15*j. Let c be ((-52)/(-6))/((-13)/39). Let o(g) = 2*g**3 + 51*g**2 - 25*g + 25. Let v be o(c). What is p(v)?
15
Let r(j) be the second derivative of 0 - 10*j - 1/6*j**3 + 3/2*j**2. Calculate r(0).
3
Let a(y) be the second derivative of y**3/2 + 3*y**2/2 - 584*y. What is a(-4)?
-9
Suppose 2*w - 5 = -t, -6 + 4 = 2*t + w. Let s(d) = -3*d - 10. Give s(t).
-1
Let v(k) = k**3 - 15*k**2 + 14*k + 3. Let i(y) = y**3 - 14*y**2 + 13*y + 2. Let w = -22 - -28. Let m(n) = w*i(n) - 5*v(n). What is m(8)?
-3
Suppose -4*d = -d - 9. Let i(k) = -3 + d + 6*k + 5*k**2 + k**3. Let c(s) = s**2 + 13*s + 18. Let t be c(-11). Calculate i(t).
-8
Suppose 27 = 2*x - r, -5*x - 8*r + 45 = -3*r. Let s be x/90 + 43/15. Let q(m) = 6*m - 2. Calculate q(s).
16
Suppose 4*w - 40 + 8 = 0. Let q be ((-4)/w)/(3/(-12)). Let r(j) = -5*j + q + j + 5*j. Determine r(-4).
-2
Let a(x) = -5*x**2 - 12*x + 24. Let h(n) = n**2 + n - 5. Let m(u) = -a(u) - 3*h(u). Calculate m(-6).
9
Let d(l) = l**3 + 4*l**2 - l - 2. Let z(i) = i - 7. Let u be z(11). Suppose 3*c - 16 = m, 0*m = 4*m + 5*c - u. Give d(m).
2
Let y(z) = -38*z**3 + 50*z**2 + 45*z**2 + 7*z**3 - 94*z**2. Determine y(-1).
32
Let u be -6*(25/(-60) + 2/(-8)). Let d(x) = x - 1. Determine d(u).
3
Let r(j) = -7*j**2 + 19*j - 18. Let g(t) = 4*t**2 - 10*t + 9. Suppose -35 = -4*q - 3*q. Let u(m) = q*g(m) + 3*r(m). What is u(6)?
-3
Let j(y) = -y - 2. Let r(q) = q + 7. Let m be r(7). Suppose 2*t = 5*s - 23, -m = -3*s + t - 1. Suppose -2*k - 35 = -s*x - 10, -x + 5*k = -30. Calculate j(x).
-7
Let u(s) = 5*s + 0*s**2 + 4 + 2*s**2 - s**2. Let k be (5/(-3) - -3)*-3. Give u(k).
0
Let b(j) be the third derivative of 0*j - 1/24*j**5 + 1/360*j**6 + 3*j**2 - 7/6*j**3 + 1/12*j**4 + 0. Let u(c) be the first derivative of b(c). Calculate u(4).
-2
Let z(o) = o**3 + 4*o**2 - 6*o - 6. Let k be z(-5). Let j(x) = -4*x + 13. Let y(d) = -5*d + 18. Let u(h) = 7*j(h) - 5*y(h). Calculate u(k).
4
Let b(i) be the third derivative of -i**4/8 - i**3/3 - 2*i**2 - 187*i. Suppose 5*v - 3*v + 6 = -3*g, -3*v = -2*g - 17. Give b(g).
10
Let b(d) be the first derivative of -d**5/24 - d**4/24 + 20*d**3/3 - 4. Let c(p) be the third derivative of b(p). Calculate c(-1).
4
Let j(d) be the first derivative of -d**2/2 + 2*d + 284. Suppose -v - 4*b + 12 = 3*v, 2*v - 6 = 4*b. Let i = -9 + v. Calculate j(i).
8
Let c(s) be the first derivative of 2/3*s**3 - 2 + s + 0*s**2. Let t be (-1)/(4/(-10))*24/30. Determine c(t).
9
Let a(t) = -3*t**2 + 194*t - 114. Let x be a(64). Let d(s) = -s + 21. Give d(x).
7
Let n(m) be the third derivative of m**7/840 + m**6/36 + 3*m**5/40 + m**4/12 + 4*m**3/3 + 27*m**2. Let w(h) be the first derivative of n(h). Calculate w(-9).
2
Let u(z) = z**3 - 5*z**2 + 2*z. Let w be u(4). Let l(k) = 12 + 7*k**2 + 9 - 6*k - 28 + 15 + k**3. What is l(w)?
-8
Let w(d) = d - 2. Let y be (2/(-4))/(5/160*-2). Let v be y + (-6 - -1 - -2) + 1. Calculate w(v).
4
Let f be 29/5 - (-1524)/1270. Let w(u) = -2*u**2 + 12*u. Determine w(f).
-14
Let l(h) = h - 2. Suppose 0*r + r + 10 = 3*n, -2*n = -8. Suppose -6*d = -r*d - 36. Suppose 4*p = d*p - 25. Determine l(p).
3
Suppose 4*f = -f + 85. Let m = f + -17. Let r(x) = x**2 - 4. Calculate r(m).
-4
Let f be -3*(-1)/(-6)*-18. Let a(c) = c**3 + 4*c**2 + 5*c + 3 + 0*c**2 - f*c**2. Give a(4).
7
Let q(h) = -h + 1. Let l(y) = -y**2 - 6*y + 4. Let g be -4 + 2/((-6)/9). Let b be l(g). Calculate q(b).
4
Let n(f) = -f**2 - f + 9. Let w be n(-4). Let u be -4 - 2 - (0 + w). Let y(q) = 2*q. Give y(u).
-6
Let o(w) = w**2 - 12*w + 31. Let y be 17 + (-30 - -6) + (0 - -16). Give o(y).
4
Suppose -4 - 4 = -k - 3*c, 5*k - 12 = -c. Suppose 2 = k*d - 6. Suppose 3*u + 4 = -d*t, -2*u - 13 = -t - 3. Let o(p) = p**2 + 6*p + 5. Give o(u).
-3
Let d(r) = -12*r - 17. Let j(y) = 3*y + 4. Let h(p) = 6*d(p) + 26*j(p). What is h(-4)?
-22
Suppose 0 = -4*r + 85 - 89. Let s(t) be the first derivative of t**2/2 + t + 4. What is s(r)?
0
Suppose 4*s + 7*h - 71 = 0, -h = -4*s + 3*s + 4. Let f(i) = -i**3 + 8*i**2 + 10*i + 4. Give f(s).
13
Suppose -2*c - 98 + 110 = 5*f, c = 3*f - 5. Let w(l) = -2*l**3 + 4*l**2 + 3*l - 2. Let z(t) = -t**2. Let p(s) = w(s) + 2*z(s). Determine p(f).
-4
Let n(v) = -54*v - 8. Let o(f) = -25*f - 3. Let d(b) = -6*n(b) + 13*o(b). Calculate d(-7).
16
Let f be 1 + (-5 - (1 - 5)) + -5. Let c(u) = 2*u**2 + 6*u - 4. Calculate c(f).
16
Let j(r) be the first derivative of r**2 + 6*r - 149. Determine j(-6).
-6
Let i(z) = -2*z**2 + 102 + 2*z + 99 - 207 - z. Determine i(-3).
-27
Let h(n) = n. Let c(m) = -42*m**2 + 7*m + 7. Let s(x) = -21*x**2 + 4*x + 4. Let d(o) = -3*c(o) + 5*s(o). Let k(a) = d(a) + h(a). Calculate k(1).
20
Suppose 3*b = 4*c + 31, 4*c = -2*b + 4*b - 26. Suppose 5*s - s = 8. Let i(j) = j**s + 2*j + 3 + 3*j + 1 - 2. Calculate i(c).
-2
Let s(x) = 5*x - 2. Let k(d) = -9*d + 3. Let f(o) = -6*k(o) - 11*s(o). Let h be f(6). Let v(p) = -3*p**3 - 4*p**2 - 4*p - 2. What is v(h)?
14
Let d(b) = b**2. Let u(m) be the third derivative of 0*m - 1/3*m**3 + 0 + 1/120*m**6 + m**2 - 1/30*m**5 - 1/12*m**4. Let c be u(3). Give d(c).
1
Let c(t) = -t**2 + 14*t - 6. Let b be c(13). Let u(g) = -9 + g**2 + g**3 + g - 7 + b. Suppose a = -a. Calculate u(a).
-9
Suppose 17*o - 22*o = 3*f + 44, 5*f = -15. Let m(w) be the third derivative of w**6/120 + 2*w**5/15 + w**4/4 + w**3/6 + 2*w**2. Give m(o).
8
Let h be 0/(3/1)*1. Let w(j) = j**3 + 6*j**2 + 4 + 2 - j + h*j. What is w(-6)?
12
Let w(t) = 2*t. Let x be w(0). Suppose h + x = 4. Let y(l) = l. Let i(z) = -3*z - 5. Let u(s) = -i(s) - 2*y(s). Calculate u(h).
9
Let u(h) be the first derivative of -3*h**4/2 + h**3/3 - 3*h**2/2 + 2*h - 5. Let j be u(1). Let m(k) = -k**3 - 7*k**2 - 3*k + 8. What is m(j)?
-10
Let r(d) = d - 45. Let l be r(41). Let f(y) = -y**3 - 3*y**2 - 2*y + 2. What is f(l)?
26
Let v(u) = 9*u - 2. Let c = -64 - -65. Give v(c).
7
Let n(p) = p**3 + 4*p**2 - 2*p - 5. Let j(o) be the second derivative of -o**3/2 - 37*o**2/2 + 12*o - 1. Let g be j(-11). Determine n(g).
3
Suppose 3*o - 11*f + 7 = -10*f, 4*o + 4 = -4*f. Let k(x) = 2*x**3 - 2*x**2 - 2*